{"id":373,"date":"2016-08-07T13:47:45","date_gmt":"2016-08-07T12:47:45","guid":{"rendered":"http:\/\/www.kraeutersturm.ch\/wordpress\/?page_id=373"},"modified":"2025-10-31T00:03:28","modified_gmt":"2025-10-30T23:03:28","slug":"impressum","status":"publish","type":"page","link":"https:\/\/www.kraeutersturm.ch\/wordpress\/a-propos\/impressum\/","title":{"rendered":"Impressum"},"content":{"rendered":"<h4>Verantwortlich:<\/h4>\n<p>Marie-Isabelle Bill<br \/>\nHauptstrasse 3<br \/>\nCH-4588 Oberramsern<\/p>\n<h4>Kontakt:<\/h4>\n<p>E-Mail: coriandreatbluewinpunktch<br \/>\n(Affenschwanz und Punkt als Zeichen setzen und schon haben Sie die Mail-Adresse)<\/p>\n<h4>Urheberrechte<\/h4>\n<p style=\"text-align: justify;\"><strong>Die Urheber- und alle anderen Rechte an Inhalten, Bildern, Fotos oder anderen Dateien auf der Website geh\u00f6ren ausschliesslich der Autorin oder den speziell genannten Rechtsinhabern. F\u00fcr die Reproduktion jeglicher Elemente ist die schriftliche Zustimmung der Urheberrechtstr\u00e4ger im Voraus einzuholen.<\/strong><\/p>\n<h4 style=\"text-align: justify;\">Haftungsausschluss<\/h4>\n<p style=\"text-align: justify;\">Die Autorin \u00fcbernimmt keinerlei Gew\u00e4hr hinsichtlich der inhaltlichen Richtigkeit, Genauigkeit, Aktualit\u00e4t, Zuverl\u00e4ssigkeit und Vollst\u00e4ndigkeit der Informationen.<\/p>\n<p style=\"text-align: justify;\">Haftungsanspr\u00fcche gegen die Autorin wegen Sch\u00e4den materieller oder immaterieller Art, welche aus dem Zugriff oder der Nutzung bzw. Nichtnutzung der ver\u00f6ffentlichten Informationen, durch Missbrauch der Verbindung oder durch technische St\u00f6rungen entstanden sind, werden ausgeschlossen.<\/p>\n<p style=\"text-align: justify;\">Die Autorin beh\u00e4lt\u00a0sich ausdr\u00fccklich vor, Teile der Seiten oder das gesamte Angebot ohne gesonderte Ank\u00fcndigung zu ver\u00e4ndern, zu erg\u00e4nzen, zu l\u00f6schen oder die Ver\u00f6ffentlichung zeitweise oder endg\u00fcltig einzustellen.<\/p>\n<h4 style=\"text-align: justify;\">Haftung f\u00fcr Links<\/h4>\n<p>Mein Blog\/meine Webseite enth\u00e4lt Links und Verweise zu externen Webseiten Dritter, auf deren Inhalte ich keinen Einfluss habe und die ausserhalb meines Verantwortungsbereiches liegen. Deshalb kann ich f\u00fcr diese fremden Inhalte auch keine Gew\u00e4hr \u00fcbernehmen. F\u00fcr die Inhalte der verlinkten Seiten ist stets der jeweilige Anbieter oder Betreiber der Seiten verantwortlich. Die verlinkten Seiten wurden zum Zeitpunkt der Verlinkung auf m\u00f6gliche Rechtsverst\u00f6\u00dfe \u00fcberpr\u00fcft. Rechtswidrige Inhalte waren zum Zeitpunkt der Verlinkung nicht erkennbar.\u00a0Ich lehne jegliche Verantwortung f\u00fcr solche Webseiten ab. Der Zugriff und die Nutzung solcher Webseiten erfolgen auf eigene Gefahr des Nutzers.<\/p>\n<p>Eine permanente inhaltliche Kontrolle der verlinkten Seiten ist jedoch ohne konkrete Anhaltspunkte einer Rechtsverletzung nicht zumutbar. Bei Bekanntwerden von Rechtsverletzungen werde ich derartige Links umgehend entfernen.<\/p>\n<h4 style=\"text-align: justify;\">Datenschutz<\/h4>\n<p>Siehe <a href=\"https:\/\/www.kraeutersturm.ch\/wordpress\/a-propos\/datenschutz\/\">Datenschutzerkl\u00e4rung<\/a>.<\/p>\n","protected":false},"excerpt":{"rendered":"<p>Verantwortlich: Marie-Isabelle Bill Hauptstrasse 3 CH-4588 Oberramsern Kontakt: E-Mail: coriandreatbluewinpunktch (Affenschwanz und Punkt als Zeichen setzen und schon haben Sie die Mail-Adresse) Urheberrechte Die Urheber- und alle anderen Rechte an Inhalten, Bildern, Fotos oder anderen Dateien auf der Website geh\u00f6ren ausschliesslich der Autorin oder den speziell genannten Rechtsinhabern. F\u00fcr die Reproduktion jeglicher Elemente ist die schriftliche Zustimmung der Urheberrechtstr\u00e4ger im Voraus einzuholen. Haftungsausschluss Die Autorin \u00fcbernimmt keinerlei Gew\u00e4hr hinsichtlich der inhaltlichen Richtigkeit, Genauigkeit, Aktualit\u00e4t, Zuverl\u00e4ssigkeit und Vollst\u00e4ndigkeit der Informationen. Haftungsanspr\u00fcche gegen die Autorin wegen Sch\u00e4den materieller oder immaterieller Art, welche aus dem Zugriff oder der Nutzung bzw. Nichtnutzung der ver\u00f6ffentlichten Informationen, durch Missbrauch der Verbindung oder durch technische St\u00f6rungen entstanden sind, werden ausgeschlossen. Die Autorin beh\u00e4lt\u00a0sich ausdr\u00fccklich vor, Teile der Seiten oder das gesamte Angebot ohne gesonderte Ank\u00fcndigung zu ver\u00e4ndern, zu erg\u00e4nzen, zu l\u00f6schen oder die Ver\u00f6ffentlichung zeitweise oder endg\u00fcltig einzustellen. Haftung f\u00fcr Links Mein Blog\/meine Webseite enth\u00e4lt Links und Verweise zu externen Webseiten Dritter, auf deren Inhalte ich keinen Einfluss habe und die ausserhalb meines Verantwortungsbereiches liegen. Deshalb kann ich f\u00fcr diese fremden Inhalte &hellip;<\/p>\n","protected":false},"author":1,"featured_media":0,"parent":148,"menu_order":6,"comment_status":"closed","ping_status":"closed","template":"page-templates\/full-width.php","meta":{"jetpack_post_was_ever_published":false,"footnotes":""},"class_list":["post-373","page","type-page","status-publish","hentry"],"jetpack_sharing_enabled":false,"jetpack_shortlink":"https:\/\/wp.me\/P6vZI1-61","_links":{"self":[{"href":"https:\/\/www.kraeutersturm.ch\/wordpress\/wp-json\/wp\/v2\/pages\/373","targetHints":{"allow":["GET"]}}],"collection":[{"href":"https:\/\/www.kraeutersturm.ch\/wordpress\/wp-json\/wp\/v2\/pages"}],"about":[{"href":"https:\/\/www.kraeutersturm.ch\/wordpress\/wp-json\/wp\/v2\/types\/page"}],"author":[{"embeddable":true,"href":"https:\/\/www.kraeutersturm.ch\/wordpress\/wp-json\/wp\/v2\/users\/1"}],"replies":[{"embeddable":true,"href":"https:\/\/www.kraeutersturm.ch\/wordpress\/wp-json\/wp\/v2\/comments?post=373"}],"version-history":[{"count":5,"href":"https:\/\/www.kraeutersturm.ch\/wordpress\/wp-json\/wp\/v2\/pages\/373\/revisions"}],"predecessor-version":[{"id":9845,"href":"https:\/\/www.kraeutersturm.ch\/wordpress\/wp-json\/wp\/v2\/pages\/373\/revisions\/9845"}],"up":[{"embeddable":true,"href":"https:\/\/www.kraeutersturm.ch\/wordpress\/wp-json\/wp\/v2\/pages\/148"}],"wp:attachment":[{"href":"https:\/\/www.kraeutersturm.ch\/wordpress\/wp-json\/wp\/v2\/media?parent=373"}],"curies":[{"name":"wp","href":"https:\/\/api.w.org\/{rel}","templated":true}]}}