{"id":376,"date":"2016-08-07T13:52:48","date_gmt":"2016-08-07T12:52:48","guid":{"rendered":"http:\/\/www.kraeutersturm.ch\/wordpress\/?page_id=376"},"modified":"2018-07-30T16:01:56","modified_gmt":"2018-07-30T15:01:56","slug":"blogroll","status":"publish","type":"page","link":"https:\/\/www.kraeutersturm.ch\/wordpress\/a-propos\/blogroll\/","title":{"rendered":"Blogroll"},"content":{"rendered":"<div id=\"attachment_1209\" style=\"width: 650px\" class=\"wp-caption alignnone\"><img loading=\"lazy\" decoding=\"async\" aria-describedby=\"caption-attachment-1209\" class=\"wp-image-1209 size-medium\" src=\"https:\/\/www.kraeutersturm.ch\/wordpress\/wp-content\/uploads\/2016\/08\/dreamstime_l_9817479-e1474331833708-640x374.jpg\" alt=\"\" width=\"640\" height=\"374\" srcset=\"https:\/\/www.kraeutersturm.ch\/wordpress\/wp-content\/uploads\/2016\/08\/dreamstime_l_9817479-e1474331833708-640x374.jpg 640w, https:\/\/www.kraeutersturm.ch\/wordpress\/wp-content\/uploads\/2016\/08\/dreamstime_l_9817479-e1474331833708-220x129.jpg 220w, https:\/\/www.kraeutersturm.ch\/wordpress\/wp-content\/uploads\/2016\/08\/dreamstime_l_9817479-e1474331833708-768x449.jpg 768w, https:\/\/www.kraeutersturm.ch\/wordpress\/wp-content\/uploads\/2016\/08\/dreamstime_l_9817479-e1474331833708-1200x702.jpg 1200w\" sizes=\"auto, (max-width: 640px) 100vw, 640px\" \/><p id=\"caption-attachment-1209\" class=\"wp-caption-text\">\u2026 immer unvollst\u00e4ndiger Blogroll; daf\u00fcr mit Herz andauernd in \u00dcberarbeitung. Die Auflistung setzt keine Priorit\u00e4ten; mal ist der eine Blog interessanter, mal spricht mich der andere mehr an! Schlicht und einfach: Sie sind alle einfach verfolgenswert!<\/p><\/div>\n<h3 style=\"text-align: justify;\">A<\/h3>\n<p style=\"text-align: justify;\"><strong><a href=\"http:\/\/www.anonymekoeche.net\/\">Anonyme K\u00f6che<\/a>\u00a0<\/strong><br \/>\nIn\/Bei Claudio brodelt es.\u00a0Das trifft sich gut. Er ist s\u00fcchtig nach Kochen. Sehr gut!\u00a0Besonders mag ich auch seine Gedanken und Kommentare &#8211; die l\u00f6sen meist was aus&#8230;<br \/>\nUnd &#8211; das ist ein Schweizer Foodblog.<br \/>\nUND ER <del>HAT EIN TOLLES BUCH,<\/del> <del>ZWEI TOLLE B\u00dcCHER,<\/del> <del>DREI TOLLE B\u00dcCHER,<\/del> VIER WUNDERBARE B\u00dcCHER\u00a0GESCHRIEBEN!<\/p>\n<h3 style=\"text-align: justify;\">B<\/h3>\n<p style=\"text-align: justify;\"><strong><a href=\"http:\/\/barbaras-spielwiese.blogspot.ch\/\">Barbaras Spielwiese<\/a><\/strong><br \/>\nBarbaras Wiesen-Food-Berichte geh\u00f6ren zu meinem Foodie-Leben, schon seit Anbeginn. Verlockende Smoothies, vor allem aber feine Asia-K\u00fcche!<br \/>\n<a href=\"http:\/\/barbaras-reisen.blogspot.de\/\">Und &#8211; sie f\u00fchrt einen Reiseblog.<\/a><\/p>\n<p style=\"text-align: justify;\"><strong><a href=\"https:\/\/www.besondersgut.ch\" target=\"_blank\" rel=\"noopener\">Besonders gut<\/a><br \/>\n<\/strong>Katharina hat mir die Scheu vor dem Sauerteig genommen. Ich war zwar von <a href=\"http:\/\/www.peho.typepad.com\" target=\"_blank\" rel=\"noopener\">Petra<\/a>\u00a0bestens mit Sauerteig versorgt, aber getraut habe ich mich nie so richtig.\u00a0Vor allem hat Katharina mich gelehrt, ohne viel zu viel zu viel&#8230; zu Denken doch einfach mal anzufangen. Sie hat ein ganz tolles Schweizer Brotbackbuch geschrieben und ist seit einiger Zeit &#8222;die Schweizer Blog-B\u00e4ckerin&#8220;. Wohlgemerkt, sie ist kein Profi, aber was da aus ihrem Ofen kommt &#8211; echt professionell. Ihre Kurse sind uneingeschr\u00e4nkt empfehlenswert.<br \/>\nUnd &#8211;\u00a0sie hat einen <a href=\"https:\/\/www.besondersgut.ch\/shop\/\" target=\"_blank\" rel=\"noopener\">Webshop<\/a>, bei dem Brotb\u00e4ckerinnen sich gl\u00fccklich shoppen k\u00f6nnen.<\/p>\n<p style=\"text-align: justify;\"><strong><a href=\"http:\/\/www.kleineisel.de\/blogs\/index.php\/brotundrosen\/\">Brot und Rosen<\/a><\/strong><br \/>\nPetra kocht\u00a0feine Alltagsk\u00fcche, bew\u00e4hrt und gut f\u00fcr die ganze Familie.<br \/>\nUnd &#8211; sie hat f\u00fcr meinen Gaumentr\u00e4umer-Polterabend einen Hexen-Himbeer-Pudding gezaubert.<\/p>\n<p style=\"text-align: justify;\"><strong><a href=\"http:\/\/www.bushcook.de\/\">Bushcook\u2019s Kitchen<\/a><\/strong><br \/>\nTats\u00e4chlich habe ich ihretwegen den Herrn Henssler im TV \u201ekennengelernt\u201c \u2013 aber ich w\u00fcrde ihn lieber in seinem Restaurant besuchen\u2026 Sie allerdings ist so viel unterwegs in Sachen Genuss, da musste sie einfach eine Europ\u00e4ische Genusskarte\u00a0in den Blog aufnehmen.<br \/>\nUnd &#8211; sie sammelt leidenschaftlich Kochb\u00fccher &#8211;\u00a0wie ich.<\/p>\n<h3 style=\"text-align: justify;\">C<\/h3>\n<p style=\"text-align: justify;\"><strong><a href=\"http:\/\/peho.typepad.com\/\">Chili &amp; Ciabatta<\/a><\/strong><br \/>\nMeine Kochg\u00f6ttin und liebe Freundin Petra! Sie ist mein verl\u00e4sslicher Fels in der Blogger-Brandung und schuld daran, dass ich \u00fcberhaupt blogge.<br \/>\nUnd &#8211; Helmut, der\u00a0Gatte, ist \u00fcbrigens unser Grillgott! Der\u00a0Bayrische Wald ist also ein kulinarischer G\u00f6tterhort!<\/p>\n<p style=\"text-align: justify;\"><a href=\"http:\/\/cooketteria.blogspot.ch\/\"><strong>Cooketteria<\/strong><\/a><br \/>\nSie schreibt erfrischend und hat etwa dieselbe Einstellung zum Essen wie ich. Ein Schweizer Foodblog f\u00fcr den Alltag. Danke!<br \/>\nUnd &#8211; sie ist \u00f6fters auf Flohm\u00e4rkten und in \u201eBrockenh\u00e4usern\u201c anzutreffen &#8211; wie ich.<\/p>\n<p style=\"text-align: justify;\"><a href=\"http:\/\/www.cucinaepassione.de\/\"><strong>Cucina e passione<\/strong><\/a><br \/>\nDirks Blog ruht nur vor\u00fcbergehend \u2013 Schokoladenfreaks macht er gl\u00fccklich und auch andere, wie mich!<br \/>\nUnd &#8211; er kocht mit Leidenschaft!<\/p>\n<h3 style=\"text-align: justify;\">D<\/h3>\n<p style=\"text-align: justify;\"><strong><a href=\"http:\/\/deichrunnerskueche.de\/ueber-mich\">Deichrunners K\u00fcche<\/a><\/strong><br \/>\nEva rennt und rennt und rennt \u2013 sofort in die neue K\u00fcche \u2013 sie rennt schon lange ganz sch\u00f6n!<br \/>\nUnd &#8211; ihre Brote sind besonders empfehlenswert.<\/p>\n<h3 style=\"text-align: justify;\">F<\/h3>\n<p style=\"text-align: justify;\"><strong><a href=\"http:\/\/www.foodina.eu\/\">Foodina<\/a><\/strong><br \/>\nTina liebt Fisch, Asienk\u00fcche im\u00a0Allgemeinen und Thaifood im Besonderen, Gr\u00fcn- und Kr\u00e4utertee. Ich auch! Sie\u00a0 sammelt Kochb\u00fccher und Gew\u00fcrze. H\u00fcstel, h\u00fcstel\u2026\u00a0und mag das Meer lieber als die Berge. Meine Worte! Gatte\u00a0Thomas trinkt Whisky, mein G\u00f6ttergatte nicht, aber ich! Tina ist Wochenmarktg\u00e4ngerin, liebt es regional, saisonal und sucht offline nach der ultimativen Zutat. Tja, trifft sich gut.<br \/>\nUnd &#8211; Tina\u00a0hat eine\u00a0Wahnsinnsk\u00fcche.\u00a0Ich nicht, weiterlesen!<\/p>\n<p style=\"text-align: justify;\"><a href=\"http:\/\/www.foodfreak.de\/\"><strong>Foodfreak<\/strong><\/a><br \/>\nIhre Produktetest lieb\u2018 ich und als Gattin eines Mannes, der \u00fcber Mittag nicht ins Restaurant mag, interessieren mich auch immer wieder ihre Bento-Boxen. Wir alle lieben die Asiatische K\u00fcche.<br \/>\nUnd &#8211; sie hat ein witziges Kochbuch geschrieben.<\/p>\n<p style=\"text-align: justify;\"><a href=\"http:\/\/www.foolforfood.de\/\"><strong>Fool for Food<\/strong><\/a><br \/>\nDie Foodjournalistin Claudia ist eines meiner Vorbilder. Sie lebt inzwischen in der Schweiz. Eigentlich ganz nah, am Z\u00fcrichsee\u2026 Sie hat sich Tr\u00e4ume erf\u00fcllt: Eine Ausbildung an der Ballymaloe Cookery School und Stages im River Cottage in Devon und im River Caf\u00e9 in London. In etwa meine Tr\u00e4ume&#8230;<br \/>\nUnd &#8211; ich muss\u00a0sie unbedingt mal pers\u00f6nlich kennen lernen.<\/p>\n<h3 style=\"text-align: justify;\">G<\/h3>\n<p style=\"text-align: justify;\"><strong><a href=\"https:\/\/germanabendbrot.wordpress.com\/\">German Abendbrot<\/a><\/strong><br \/>\nDer Name f\u00fchrt in die Irre. Denn die K\u00fcche der Frankfurterin Julia ist mehr als nur ein Abendbrot!\u00a0\u201eKochen ist Horizont erweiternd, inspirierend\u00a0und gesellig, es kann Br\u00fccken bauen und Sprachbarrieren \u00fcberwinden, Streit schlichten und Diskussionen anregen.\u201c<br \/>\nUnd &#8211; da bin\u00a0ich\u00a0ganz ihrer Meinung.<\/p>\n<h3 style=\"text-align: justify;\">H<\/h3>\n<p style=\"text-align: justify;\"><strong><a href=\"http:\/\/www.highfoodality.com\/\">Highfoodality<\/a><\/strong><br \/>\nAlso der Uwe, der kocht, hach! Und der fotografiert, hach! Lesen und nachkochen!<br \/>\nUnd &#8211; seinen Newsletter kann ich nur\u00a0empfehlen.<\/p>\n<h3 style=\"text-align: justify;\">J<\/h3>\n<p style=\"text-align: justify;\"><strong><a href=\"http:\/\/julesgartenkueche.blogspot.ch\/\">Jules Gartenk\u00fcche<\/a><\/strong><br \/>\nSie warnt vor ihren Mengenangaben beim Kochen. Die Oesterreicherin Jule ist aber Gartenanf\u00e4ngerin und mir besonders sympathisch, weil sie so entspannt wirkt.<br \/>\nUnd &#8211; von ihr habe ich den ultimativen Tipp gegen die Schneckenplage!<\/p>\n<h3 style=\"text-align: justify;\">K<\/h3>\n<p style=\"text-align: justify;\"><a href=\"http:\/\/kamafoodra.de\/wordpress-3.2.1-de_DE\/wordpress\/\"><strong>Kamafoodra<\/strong><\/a><br \/>\nBrittas Blog hat mich vom ersten Rezept an fasziniert. Kama \u2013 das Verlangen nach food, nicht woran Ihr jetzt sofort gedacht habt.\u00a0Aber nicht minder leidenschaftlich.\u00a0Ihre Geschichten lesen sich s\u00fcffig und die Rezepte \u00fcberraschen immer wieder. Sie ist bekennt sich zu Saison und Terroir.<br \/>\nUnd &#8211; sie engagiert sich auch f\u00fcr Slow Food \u2013 toll.<\/p>\n<p style=\"text-align: justify;\"><strong><a href=\"http:\/\/www.kochtopf.me\/\">Kochtopf<\/a><\/strong><br \/>\nZorra und ihr Blog, ihr Geb\u00e4ck, ganz besonders aber auch ihre Events sind aus der Foodie-Szene nicht wegzudenken!<br \/>\nUnd &#8211; sie ist aus der Urschweiz, aber\u00a0leider ganz weit weg in Spanien \u2013 daf\u00fcr schickt sie ab und zu mal etwas Sonne!<\/p>\n<p style=\"text-align: justify;\"><strong><a href=\"http:\/\/kochfrosch.blogspot.ch\/\">Kochfrosch<\/a><\/strong><br \/>\nKathi, als Tochter der Kochg\u00f6ttin: \u201eHilfe, ich werde wie meine Mutter, ich fotografiere das Essen!\u201c\u00a0Dabei hat sie aber einen eigenen feinen Stil \u2013 in der K\u00fcche, nicht nur beim Fotografieren.\u00a0<a href=\"http:\/\/habichselbstgemacht.blogspot.ch\/\">N\u00e4hen und stricken kann diese Frau auch und fotografieren!<\/a><br \/>\nUnd &#8211; das Multitalent ist nun auch noch Mutter &#8211; ich bin sicher, dass da noch andere Talente zum Vorschein kommen.<\/p>\n<p style=\"text-align: justify;\"><strong><a href=\"http:\/\/kochzeilen.de\/\">Kochzeilen<\/a><\/strong><br \/>\nAch Heike, ich las Deine Zeilen einfach gerne! Ich mag ihren Humor und die differenzierte Weltanschauung. Die TV-Welt schaute Dir ja gerne zu, ich aber koche auch manchmal danach\u2026 Jawoll. Leider schl\u00e4ft ihr Blog derzeit.<br \/>\nUnd &#8211; seit September 2014 f\u00fchrt sie auch erfolgreich\u00a0Kochkurse.<\/p>\n<p style=\"text-align: justify;\"><a href=\"http:\/\/krautundrueben.ch\/\" target=\"_blank\" rel=\"noopener\"><strong>Kraut und R\u00fcben<\/strong><\/a><br \/>\nDer Foodblog von Betty Bossi. Immer einen Besuch wert &#8211; v\u00f6llig losgel\u00f6st &#8222;von Muttern&#8220;.<br \/>\nUnd &#8211; ich durfte bei Betty Bossi ein Praktikum absolvieren, jetzt\u00a0bin ich ein bisschen verbunden.<\/p>\n<p style=\"text-align: justify;\"><strong><a href=\"http:\/\/kuechenlatein.com\/\">K\u00fcchenlatein<\/a><\/strong><br \/>\nUlrike, Bloggernord- und Backlicht der ersten Tage, ich liebe ihre Zimtschnecken in allen Variationen!<br \/>\nUnd &#8211; nat\u00fcrlich stimme ich ihr zu: Nat\u00fcrlich, nordisch, frisch!<\/p>\n<h3 style=\"text-align: justify;\">L<\/h3>\n<p style=\"text-align: justify;\"><strong><a href=\"https:\/\/lamiacucina.wordpress.com\/\">lamiacucina<\/a><\/strong><br \/>\nNeben Chili und Ciabatta f\u00fcr mich DER KOCHBLOG schlechthin! Roberts spitze, humorvolle und\u00a0pr\u00e4zise Feder, seine K\u00fcchenabenteuer und seine Schweizer Reisen haben es mir angetan und ich w\u00fcrde extrem gerne mal bei Frau L und ihm am Tisch sitzen!<br \/>\nAuch wenn ich mich\u00a0in eine unendliche Reihe von Lobhudlern einreihe\u2026 Wer hat\u2019s geschrieben? Eben, ein Schweizer! Aber ein Basler, die sind von Frankreich und Deutschland mitgepr\u00e4gt, soviel gebe ich zu. Sein &#8222;(K)ein Kochbuch&#8220; sollte in jeder Kochbibliothek stehen.<br \/>\nUnd &#8211; leider hat er sich entschlossen, k\u00fcrzer zu treten. Es sei ihm geg\u00f6nnt; vermissen tue ich ihn trotzdem.<\/p>\n<p style=\"text-align: justify;\"><strong><a href=\"https:\/\/lieberlecker.wordpress.com\/\">lieberlecker<\/a><\/strong><br \/>\nAndys Lieblingsstadt ist Z\u00fcrich \u2013 naja, das alleine w\u00e4re f\u00fcr mich kein Grund, seinen Blog zu lesen\u2026\u00a0Aber was da so an Erlebnissen und K\u00f6cheleien auf den Bildschirm gezaubert wird \u2013 muss ich einfach weiterverfolgen.<br \/>\nUnd &#8211; seine Ehefrau ist die Beste von allen. Das sagen Kishon und\u00a0mein G\u00f6ttergatte auch; nat\u00fcrlich \u00fcber die jeweils eigene Ehefrau.<\/p>\n<h3 style=\"text-align: justify;\">O<\/h3>\n<p style=\"text-align: justify;\"><a href=\"http:\/\/www.onlyfood.de\/\"><strong>Onlyfood<\/strong><\/a><br \/>\nOK, er ist ein Profi, der Ralf Kabelitz, aber gerade deshalb \u2013 oder trotzdem? \u2013 ist sein Blog uneingeschr\u00e4nkt empfehlenswert!\u00a0Da gibt es auch die Rubrik \u201eNonfood\u201c\u2026<br \/>\nUnd &#8211; ich bin stolze Besitzerin seines tollen Kochbuchs \u201eCuisine Jardin\u201c.<\/p>\n<h3 style=\"text-align: justify;\">R<\/h3>\n<p style=\"text-align: justify;\"><a href=\"http:\/\/rksuite.ccwn.org\/\"><strong>RezKonvSuite<\/strong><\/a><br \/>\nDank Ilka und Ulli hat die Foodiewelt ein sensationelles Programm zu Rezepteverwaltung, das seinesgleichen sucht. Sogar Microsoft 10 &#8211; tauglich!<br \/>\nUnd &#8211; was aus dieser schw\u00e4bischen K\u00fcche kommt, das schmeckt einfach.<\/p>\n<h3 style=\"text-align: justify;\">S<\/h3>\n<p style=\"text-align: justify;\"><a href=\"http:\/\/schnuppschnuess.typepad.com\/\"><strong>Schnuppschn\u00fcss<\/strong><\/a><br \/>\nHeute noch nicht gelacht oder geschmunzelt? Dann wird es h\u00f6chste Zeit f\u00fcr den Blog\u00a0die Hochzeitstorten- und Manzfred-Beherrscherin Jutta. Thermomix-Fans aufgepasst &#8211; da ist was f\u00fcr Euch zu holen.<br \/>\nUnd &#8211; kochen und backen kann die Frau, aber so was von!<\/p>\n<h3 style=\"text-align: justify;\">T<\/h3>\n<p style=\"text-align: justify;\"><a href=\"http:\/\/tisalutoticino.blogspot.ch\/\"><strong>Ti saluto Ticino<\/strong><\/a><br \/>\nDie deutsche Wahl-Els\u00e4sserin Sabine\u00a0geniesst sich\u00a0durch das\u00a0Tessin. Wer da eine gute Adresse zum Essen und Einkaufen\u00a0sucht, ist auf\u00a0ihrem Blog \u2013\u00a0da hat es auch Rezepte \u2013 bestens beraten.<br \/>\nUnd &#8211; sie f\u00fchrt auch\u00a0den feinen Elsass-Blog<strong>\u00a0\u201e<a href=\"http:\/\/bonjouralsace.blogspot.fr\/\">Bonjour Alsace<\/a>\u201e.<\/strong><\/p>\n<p style=\"text-align: justify;\"><a href=\"http:\/\/www.dastrueffelschwein.ch\/\"><strong>Tr\u00fcffelschwein &#8211; in memoriam<\/strong><\/a><br \/>\nDer Foodblog der Saisonk\u00fcche existiert nicht mehr. Die Saisonk\u00fcche auch nicht, im April 2017 wurde sie leider, nach knapp 25 Jahren Inspiration, Anregung und Innovation, aufgel\u00f6st. Beim Nachfolger &#8222;Migusto&#8220; vermisse ich etwas den Redaktionellen Teil und die Spritzigkeit. Die Rezepte der Saisonk\u00fcche finden sich unter Migusto.<\/p>\n<h3 style=\"text-align: justify;\">W<\/h3>\n<p style=\"text-align: justify;\"><strong><a href=\"http:\/\/www.widmatt.ch\/\">Widmatt<\/a><\/strong><br \/>\nIrene aus der Widmatt. eine liebe Cocolino-Mitstreiterin und Wundertorten-Zauberin! Schweizweit bekannt!<br \/>\nUnd &#8211; ihre Torten, die kann man bestellen.<\/p>\n<h4 style=\"text-align: justify;\">\u2026 und viele andere mehr&#8230;<br \/>\nUnd &#8211; es fehlen noch fremdsprachige Lieblinge&#8230;<\/h4>\n<h4 style=\"text-align: justify;\">Daf\u00fcr hier noch einige<\/h4>\n<p>NONFOODBLOGS<\/p>\n<p><a href=\"http:\/\/www.blogwiese.ch\/\" target=\"_blank\" rel=\"noopener\"><strong>Blogwiese<\/strong><\/a><br \/>\nEin Deutscher in der Schweiz und seine sprachlichen Herausforderungen&#8230;<br \/>\nAuch wenn Jens-Rainer nicht mehr bloggt &#8211; lesenswert und am\u00fcsant sind alle sein Eintr\u00e4ge. Es findet sich zu vielen Stichworten etwas &#8211; st\u00f6bern lohnt sich.<\/p>\n<p><a href=\"http:\/\/www.jahreszeitenbriefe.blogspot.com\" target=\"_blank\" rel=\"noopener\"><strong>Jahreszeitenbriefe<\/strong><\/a><br \/>\nerreichen mich immer aus dem Naturpark Dahme-Heideseen in Brandenburg. Ich will da hin!<br \/>\nDer G\u00f6ttergatte weiss es&#8230;<\/p>\n<p><a href=\"http:\/\/manoswelt.blogspot.ch\/\" target=\"_blank\" rel=\"noopener\"><strong>Manos Welt<\/strong><\/a><br \/>\nKunst und mehr &#8211; Einfach reingucken, sich verzaubern lassen und inspiriert f\u00fchlen.<\/p>\n<p><strong>katzenblog<\/strong><br \/>\nFran\u00e7oise geh\u00f6rt zum Staff von pitschan &amp; zirpa.<br \/>\nSie hat auch noch einen Partner&#8230; Der geh\u00f6rt auch zum Staff. Ansonsten mag sie \u00e4hnliche Dinge wie ich: Reisen, B\u00fccher, Musik, Patenkinder u.v.a.m.<br \/>\nHier \u00fcbrigens die Definition von Katzenblog.<\/p>\n<p><a href=\"http:\/\/www.zeit.de\/index\" target=\"_blank\" rel=\"noopener\"><strong>Zeit-online Blog<\/strong><\/a><br \/>\n&#8230; die Zeit in einem etwas praktischeren Leseformat!<\/p>\n","protected":false},"excerpt":{"rendered":"<p>A Anonyme K\u00f6che\u00a0 In\/Bei Claudio brodelt es.\u00a0Das trifft sich gut. Er ist s\u00fcchtig nach Kochen. Sehr gut!\u00a0Besonders mag ich auch seine Gedanken und Kommentare &#8211; die l\u00f6sen meist was aus&#8230; Und &#8211; das ist ein Schweizer Foodblog. UND ER HAT EIN TOLLES BUCH, ZWEI TOLLE B\u00dcCHER, DREI TOLLE B\u00dcCHER, VIER WUNDERBARE B\u00dcCHER\u00a0GESCHRIEBEN! B Barbaras Spielwiese Barbaras Wiesen-Food-Berichte geh\u00f6ren zu meinem Foodie-Leben, schon seit Anbeginn. Verlockende Smoothies, vor allem aber feine Asia-K\u00fcche! Und &#8211; sie f\u00fchrt einen Reiseblog. Besonders gut Katharina hat mir die Scheu vor dem Sauerteig genommen. Ich war zwar von Petra\u00a0bestens mit Sauerteig versorgt, aber getraut habe ich mich nie so richtig.\u00a0Vor allem hat Katharina mich gelehrt, ohne viel zu viel zu viel&#8230; zu Denken doch einfach mal anzufangen. Sie hat ein ganz tolles Schweizer Brotbackbuch geschrieben und ist seit einiger Zeit &#8222;die Schweizer Blog-B\u00e4ckerin&#8220;. Wohlgemerkt, sie ist kein Profi, aber was da aus ihrem Ofen kommt &#8211; echt professionell. Ihre Kurse sind uneingeschr\u00e4nkt empfehlenswert. Und &#8211;\u00a0sie hat einen Webshop, bei dem Brotb\u00e4ckerinnen sich gl\u00fccklich shoppen k\u00f6nnen. Brot und Rosen Petra kocht\u00a0feine Alltagsk\u00fcche, &hellip;<\/p>\n","protected":false},"author":1,"featured_media":0,"parent":148,"menu_order":2,"comment_status":"closed","ping_status":"closed","template":"","meta":{"jetpack_post_was_ever_published":false,"footnotes":""},"class_list":["post-376","page","type-page","status-publish","hentry"],"jetpack_sharing_enabled":true,"jetpack_shortlink":"https:\/\/wp.me\/P6vZI1-64","_links":{"self":[{"href":"https:\/\/www.kraeutersturm.ch\/wordpress\/wp-json\/wp\/v2\/pages\/376","targetHints":{"allow":["GET"]}}],"collection":[{"href":"https:\/\/www.kraeutersturm.ch\/wordpress\/wp-json\/wp\/v2\/pages"}],"about":[{"href":"https:\/\/www.kraeutersturm.ch\/wordpress\/wp-json\/wp\/v2\/types\/page"}],"author":[{"embeddable":true,"href":"https:\/\/www.kraeutersturm.ch\/wordpress\/wp-json\/wp\/v2\/users\/1"}],"replies":[{"embeddable":true,"href":"https:\/\/www.kraeutersturm.ch\/wordpress\/wp-json\/wp\/v2\/comments?post=376"}],"version-history":[{"count":19,"href":"https:\/\/www.kraeutersturm.ch\/wordpress\/wp-json\/wp\/v2\/pages\/376\/revisions"}],"predecessor-version":[{"id":1632,"href":"https:\/\/www.kraeutersturm.ch\/wordpress\/wp-json\/wp\/v2\/pages\/376\/revisions\/1632"}],"up":[{"embeddable":true,"href":"https:\/\/www.kraeutersturm.ch\/wordpress\/wp-json\/wp\/v2\/pages\/148"}],"wp:attachment":[{"href":"https:\/\/www.kraeutersturm.ch\/wordpress\/wp-json\/wp\/v2\/media?parent=376"}],"curies":[{"name":"wp","href":"https:\/\/api.w.org\/{rel}","templated":true}]}}